at is the tens digit of v(b)?
1
Let b(h) = h**3 + 95*h**2 + 555*h + 92. What is the thousands digit of b(-88)?
5
Let n(i) = 4*i**2 - 2*i + 1. Let f be n(1). Suppose 12*o = f*o + 135. Suppose -2*a + 49 + o = 0. What is the tens digit of a?
3
Suppose -121757 = -43*g + 99134. What is the thousands digit of g?
5
Let g(q) = -q**3 - 73*q**2 - 288. What is the thousands digit of g(-76)?
7
Suppose f - 4605 = -3*f - v, 5*v = 4*f - 4599. Let r = f - 772. What is the units digit of r?
9
Suppose -58502 = -5*i - 3*y, -48298 = -4*i + 2*y - 1470. What is the hundreds digit of i?
7
Suppose -14*f + 44*f = 26019 + 58641. What is the thousands digit of f?
2
Let j(f) be the second derivative of f**5/15 - f**4/2 - 13*f**3/6 - 9*f. Let l(q) be the second derivative of j(q). What is the tens digit of l(5)?
2
Suppose 0 = -16*i + 9*i - 36*i + 1018584. What is the hundreds digit of i?
6
Let i be (1 - (-10)/(-15))/(1/18). Suppose i + 12 = 3*b + 3*w, 4*b - 14 = -2*w. What is the tens digit of 133 + b + -2*15/10?
3
Suppose 40*c + 19*c = 20*c + 2621346. What is the thousands digit of c?
7
Let n(o) = o - 11. Let s be n(15). Suppose -186 - 246 = s*c. Let b = -31 - c. What is the units digit of b?
7
Suppose 105*i = 211*i - 6503736. What is the tens digit of i?
5
Let b be (-52)/(-208) + (-10)/8. What is the tens digit of (170/20 + -10)*(-189 + b)?
8
Let y = -45 - -47. Let f be (-16)/20*5/y. Let o(k) = -3*k. What is the units digit of o(f)?
6
Let x(d) = d**3 - 6*d**2 - 5*d + 37. Let z(r) = r**2. Let y(u) = x(u) - z(u). What is the tens digit of y(12)?
9
Let k(z) = -z**3 - 4*z**2 + z - 16. Let q be k(-5). Suppose 0 = -5*u - j + 973, -q*j = -3*u - 0*j + 593. What is the tens digit of u?
9
Suppose 54*z = 49*z + n + 256675, -4*n = -3*z + 154022. What is the ten thousands digit of z?
5
Suppose 8*n + 5*n - 2951 = 0. What is the tens digit of -5*n*(-16)/20?
0
Let z(s) = -s**3 - s**2 + s - 8. Let d be z(4). What is the hundreds digit of 8 - d/(-10) - (-2436)/15?
1
Suppose 28*j - 20 = 120. Suppose 549 = 2*p - j*k, 0 = -5*p + 4*k + 464 + 917. What is the hundreds digit of p?
2
Let g = 993 - -3386. Let t = -3095 + g. What is the units digit of t?
4
Let o be (-2)/((-12)/90*5) + -1. Suppose 0*l = o*l - 3058. What is the tens digit of l?
2
Suppose 13*u - 126 = 6*u. Let c = 8 + -3. Suppose u = c*p - 4*p. What is the tens digit of p?
1
Let b(w) = -7*w - 17. Let t be b(-10). Suppose -4*z + t = -179. Suppose 0 = -3*r - 5*g + 333, r - 2*g - z - 42 = 0. What is the hundreds digit of r?
1
Suppose -6 = -3*p + 18. Suppose 1086 = p*i - 666. Suppose 2*q - 140 = -g, 4*q + i = g + 85. What is the units digit of g?
8
Suppose 5*m - 37 = -8*j + 4*j, -j - 20 = -2*m. What is the tens digit of (1728/60)/(m/210)?
7
Let g(i) = -2*i + 450. Suppose -4*m + 2*l - 6 = 0, 3*m + 2*l - 49 + 43 = 0. What is the hundreds digit of g(m)?
4
Let y be (1 + 4)/((-8)/(-56)). Let v = y - -16. Let w = -14 + v. What is the units digit of w?
7
Suppose -25*g = -30*g - k + 31364, -5*g + 3*k + 31348 = 0. What is the tens digit of g?
7
Let t(p) = 2*p**2 - 17*p - 33. Let q be t(16). Let l = q - -388. What is the hundreds digit of l?
5
Let y be (29 - 26)*(-4)/(-6). Suppose 4*x - 13 - 7 = 0, 23 = 2*r + 3*x. Suppose r*z - 20 = -4*n + 52, y*z - 51 = n. What is the tens digit of z?
2
Let j = 13583 + -9052. What is the tens digit of j?
3
What is the hundreds digit of ((2811240/(-105))/6)/(6/(-21))?
6
Suppose 19*k + 37946 = 4*a + 16*k, 18966 = 2*a + 2*k. What is the tens digit of a?
8
Suppose 5*l = -3*i - 81, 5*l = i + 5 + 22. Let o = 39 - i. Let z = o - 38. What is the units digit of z?
8
Let d = 194 + -192. Suppose d*a - 135 = -131. What is the units digit of a?
2
Let c(h) = 9*h + 478. Let k be c(-52). Suppose -k*g - 2608 = -14518. What is the tens digit of g?
9
Let b be (1 - (-92 + 0))/(-3 + 6). What is the hundreds digit of b/((-1860)/72)*2270/(-4)?
6
Let h(t) = t**3 + 10*t**2 - 32*t + 2. Suppose 5*y + 4*p + 33 = -17, -4*p = 0. What is the units digit of h(y)?
2
Let i = 2148 + -1724. What is the hundreds digit of i?
4
Let s(k) = 6*k + 41. Let u be s(-6). Let c(y) = 4*y**2 + 18*y - 10. Let z be c(u). What is the units digit of 3/(-4 + 724/z)?
5
Suppose 2*p - 189 = -3*m, -4*p = -0*p. Suppose -3*a + 118 = f - m, f + 2*a - 177 = 0. What is the units digit of f?
9
Let i = 215 + 32. Suppose -2*z = -n + 116, i = 2*n + z - 2*z. What is the hundreds digit of n?
1
Let l = 249 - 195. Suppose 4*x - l - 118 = -4*r, -5*r + 219 = 3*x. What is the tens digit of r?
4
Let i(p) be the first derivative of p**3/3 + 7*p**2/2 - 22*p + 30. Let a be i(-8). What is the tens digit of (-175)/(a/(-21) + (-5)/3)?
7
Suppose 5180 + 72756 = 7*z - 41988. What is the tens digit of z?
3
Let n(c) = 2*c - 77*c**2 - 9 - 51*c**2 + 150*c**2. What is the units digit of n(-5)?
1
Let p be 4/18 + (-11)/9. Let q(w) = -2*w**2 + w + 1. Let i be q(p). What is the units digit of (-6*1)/(i/9)?
7
Let r = 448 + -646. Let x = r + 1248. What is the hundreds digit of x?
0
Suppose -g = 3*t - 73, -2*t + 58*g + 52 = 62*g. Suppose 50 = s - 64. Let n = s - t. What is the units digit of n?
0
Let c(z) = z**3 + 3*z**2 - 11*z + 5. Let u be c(-4). Suppose -26*g - 854 = -u*g. What is the hundreds digit of g?
1
Let f = 29868 - 21091. What is the tens digit of f?
7
Let g(u) = 418*u + 60. Let w be g(10). Let b = w + -2966. What is the thousands digit of b?
1
Suppose 4*k + k + 1861 = 2*s, -5*k = -4*s + 3707. What is the hundreds digit of s + (-9 - (0 + -3))?
9
What is the thousands digit of (4870/20 + 12)*38?
9
Let y be (8/(-20))/((-22)/220). Suppose -5*c - 3*s = -2171, -9*s - y = -11*s. What is the hundreds digit of c?
4
Suppose 5*h = -m - 100, -m + 5*m - 3*h + 285 = 0. Let i = m - -818. What is the units digit of i?
3
Let f be ((-96)/54)/4 - (-12950)/18. Let i = f - -483. What is the units digit of i?
2
Suppose -27*s = -23*s. Suppose 2*g + 6*g = s. Suppose 3*i + g*i = 27. What is the units digit of i?
9
Suppose 3*f - 13174 = -4*d, 5*d = 3*f - 6*f + 13169. Suppose -f = -220*x + 214*x. What is the tens digit of x?
3
What is the thousands digit of 172629/24 - (-6)/(36 + 12)?
7
Let g be (-2 + -23)/(3/(-21)). Let f be (-50)/g - (-466)/14. Let z = f + -28. What is the units digit of z?
5
What is the ten thousands digit of 791/2*((-4732)/(-98) - -14)?
2
Let r(g) = 891*g**2 + 31*g + 128. What is the thousands digit of r(-3)?
8
Let v be (-24)/(-5) - 2/(-10). Suppose -r - 4*p + 3*p = -390, -4*r - v*p = -1555. What is the tens digit of r?
9
Suppose 173 = 15*n - 37. Suppose -n*z = -10*z - 664. What is the units digit of z?
6
Suppose 2*m + 120 = -2*g, -2*m - 62 = g + m. What is the hundreds digit of (g/(-3)*9)/(2 - 1)?
1
Let n be ((-4)/(-11 - -19))/((-1)/6). Suppose 5*f + 4690 = 3*y, 4*f = -y - n*y + 6232. What is the thousands digit of y?
1
Suppose -3*i = 2*s - 64686, 3*s + 2*i - 98021 = -1012. What is the hundreds digit of s?
3
Let l(p) = -3*p + 17. Let k be l(5). Let h be k*(225/(-6))/(-3). Suppose 22*i + 204 = h*i. What is the units digit of i?
8
Let t = 675 + -670. Suppose -t*q + 6*q = 2*n + 1094, 2220 = 2*q + 4*n. What is the hundreds digit of q?
1
Suppose 0 = -4*a + 5*a - 4. Let w(k) = k**2 - 2*k - 3. Let f be w(a). What is the units digit of (-222)/(-4)*f*8/20?
1
Let b(l) = l**3 + l**2 - 2*l. Let h(j) = j**2 - 2*j + 1. Let z be h(2). Let d be b(z). Suppose d = -13*x + 1551 + 1725. What is the tens digit of x?
5
Suppose 0 = 4*o - 4*c - 36, -c - 12 = -7. Suppose -22*p + o*p = -3132. What is the units digit of p?
4
Let l be (-4 - -12)/2 + -13. Let h be (-4 - l) + 1 + -2. Suppose -q = -2*d - 17, d = -h*d - 20. What is the units digit of q?
9
Let i be -5 + 381/12 - (-1)/4. Let b be 72/i + 4/(-6). Suppose 2*f - 5*s - 349 = -b*f, -2*f + 170 = -4*s. What is the tens digit of f?
9
Let z = 2119 + -319. Suppose -3*b = 7*b + z. Let y = -74 - b. What is the units digit of y?
6
Let d(w) be the third derivative of -w**5/60 - 7*w**4/12 + 4*w**3/3 + 2*w**2. Let y be d(-14). Suppose -y*t + 2*t = -474. What is the tens digit of t?
7
Let d(a) = 4*a**2 - 3*a + 3. Let m be d(1). Suppose m*z - 8 = 0, -5*l = -2*z + z + 77. What is the units digit of ((-5)/l)/((-1)/(-147))?
9
Suppose 4*m = m - 4*c + 2810, m - c - 932 = 0. Let p = m - 469. What is the hundreds digit of p?
4
Let a = 191 - 188. What is the tens digit of 3 + 747/15 + a/